**3/3 + 17*m**2. Give o(y).
6
Let v(d) be the first derivative of d**4/4 - d**3 + d**2/2 - 3*d - 22. Suppose z = 2 - 0. Suppose -1 = -p + z. Give v(p).
0
Suppose 0 = -4*v, 46 + 10 = -4*q + v. Let z(n) be the second derivative of n**5/20 + 13*n**4/12 - 7*n**3/3 + n**2 + 69054*n. Determine z(q).
2
Let x(f) = -4*f + 4 + 1 + 3*f. Let a = -147 + 326. Let j = 183 - a. Determine x(j).
1
Let t(u) = -6*u + 321. Let v be t(52). Let h(r) = r**3 - 6*r**2 - 25*r - 12. Give h(v).
6
Let z(w) = w**3 + 5*w**2 - 414*w + 6. Let f be z(-23). Let v(o) = 81*o - 486. Calculate v(f).
0
Let q(w) = w**3 + 7*w**2 + 7*w + 7. Let a = -24 - -18. Let y be q(a). Let h(b) = -2*b + 6*b - b - y + 2. Give h(-3).
-8
Let z(j) = j**3 - 7*j**2 + 5*j. Suppose 0*l = -3*l + 18. Let u be z(l). Let y(v) = -32*v + 114*v - 9 - 37*v - 41*v + 18. Calculate y(u).
-15
Let u(g) be the first derivative of -g**3/3 - 7*g**2/2 - 11*g + 37. Suppose 4*y + 7 = 8*i - 3*i, -5*y + 2*i = 30. Calculate u(y).
-19
Let y(p) = p**3 + 4*p**2 + 2*p - 3. Let s be (-2)/(-3)*(-17)/(153/27). Give y(s).
1
Suppose 22*r - 33 = 27*r + 4*a, 0 = 3*a + 6. Let h(b) be the first derivative of b**2/2 + 2*b - 22. Calculate h(r).
-3
Suppose 4 = 2*u - 4. Let n(v) be the second derivative of v**3/6 - v**2 + 2*v + 12. Calculate n(u).
2
Let i be ((-6)/(-8))/((-5)/(-20)). Let v(x) = 16*x + i - 14*x - 4. What is v(-2)?
-5
Suppose 19*n + 1914 = 1857. Let k(x) = -x**3 + 3*x - 5*x**2 - x**3 + 4 + 2*x**2. What is k(n)?
22
Let r(h) = h - 7. Let k(p) = 2*p**2 - 30*p + 6. Let c be k(15). Suppose 2*u - 4 = c*u. Let z be (0/(-1))/(((-12)/u)/6). What is r(z)?
-7
Let w(p) = 11*p**2 - 26*p - 26. Let y(q) = 7*q**2 - 16*q - 17. Let l(o) = 5*w(o) - 8*y(o). Determine l(-4).
-2
Suppose 0 = 11686*u - 11705*u - 380. Let q(x) = -x**2 - 29*x - 25. Determine q(u).
155
Let q(z) = z - 11 + 21 - 4*z + 4*z. Let o = 6 + -4. Let w be 0 + (o - 4 - 3). Determine q(w).
5
Let j(z) = z**2 + 5*z + 11. Suppose 6949*d = 6964*d + 150. Calculate j(d).
61
Let b(x) = 4*x + 4. Let l(d) = 6*d - 2. Let t(r) = -4*b(r) + 3*l(r). Suppose -3*z = -58 + 13. What is t(z)?
8
Let z(k) = 11*k - 1. Let c(q) = 6*q. Let d(b) = 5*c(b) - 3*z(b). Let f(i) = -12 - i + 13 - 5*i + 5*i. Let h(w) = 4*d(w) - 10*f(w). Calculate h(5).
-8
Let c(k) = 17*k - 12. Let p(i) = 27*i - 18. Let v(b) = -8*c(b) + 5*p(b). Suppose 4*s - 9 = 67. Suppose -5*t = 4 - s. Give v(t).
3
Let v(i) be the third derivative of -i**5/60 + i**4/24 - 7*i**3/3 + 3*i**2 + 2. Let g = -12 - -14. Suppose f + g*f = 0. What is v(f)?
-14
Let q(p) = -p + 3. Suppose 3*l - 4*i - 4 = -5, 0 = -5*l - 5*i + 10. Let x be 390/36 + l + (-5)/6. Give q(x).
-8
Let q(r) = 10*r - 58. Let t = 5409 - 5403. Give q(t).
2
Let b = -211 - -201. Let d(y) = -9*y - 87. Calculate d(b).
3
Let n(i) be the second derivative of -i**4/6 + i**3/3 + 25*i. Suppose 0*j - 36 = 3*j. Let u = 10 + j. What is n(u)?
-12
Let u(t) = -t**2 + 21*t - 3. Let g be u(21). Let z be 2 + -5 + (65 - g). Let c(l) = 37 + 35 - z - l - l. Determine c(6).
-5
Let q(i) be the third derivative of i**6/120 - i**5/5 - i**4/24 + 11*i**3/6 - 29*i**2 + 31. What is q(12)?
-1
Suppose 0 = -38*z - 18*z - 26 - 254. Let x(f) = f**3 + 2*f**2 - 9*f - 9. Determine x(z).
-39
Let x(w) = 1 + 9*w + 20 + 9. Let t be x(-4). Let i(y) = y**3 + 5*y**2 - 5*y + 8. Determine i(t).
2
Let k(p) = -p**2 + 6*p. Let d(a) = -a**2 - 8*a - 16. Suppose v - 36 = -43. Let n be d(v). Let j be (30/n)/((-10)/15). Determine k(j).
5
Let b(y) = -2*y**2 + 3*y + 7. Let k(z) = -2*z - 29. Suppose 2*o + u + 4*u + 1 = 0, -3*u = -5*o - 49. Let h be k(o). Let w = h + 18. Calculate b(w).
-28
Let q(c) = -171*c - 87. Let z be q(-29). Let l(x) = 4874*x - 1 - 3 - z*x + x**2 + x**2. Determine l(-3).
8
Suppose 210 = 6552*m - 6594*m. Let w(a) = -a - 17. Let d(l) = l + 16. Let j(p) = 3*d(p) + 2*w(p). Determine j(m).
9
Let u(g) = g**2 + 36*g - 199. Let y be u(5). Let l(p) = -p**3 + 5*p**2 + 10*p - 7. What is l(y)?
17
Suppose 56*x - 101 = -7*x - 38*x. Let s(a) = 99*a - 108. Give s(x).
-9
Let a(q) = -2*q**3 + 81*q**2 - 45*q + 191. Let m be a(40). Let s(r) = 0*r + 0*r + 12 + 2*r. Let k be s(m). Let p(g) = g**2 + 4*g - 2. Calculate p(k).
10
Let j(o) = 15*o + 1. Suppose -30*y = 3*q - 27*y + 21, -q = 4*y + 22. Determine j(q).
-29
Let c(b) = b**3 + 7*b**2 + 6*b. Let t be (2/(-6))/((-4)/60). Let w be (0 - (t - 6))*(8 - 1). Suppose 0 = -w*i + i - 36. Calculate c(i).
0
Let v(m) = 7*m**3 + 2*m + 1. Suppose 19*b - 43 = -62. Determine v(b).
-8
Let s(n) = -n**2 - 11*n - 49. Let z(b) = -4*b - 2. Let r(v) = s(v) - 6*z(v). Determine r(8).
3
Let d = 2314 - 2314. Let k(n) = -n**3 + n**2 + n - 11. Calculate k(d).
-11
Let m(a) = -14*a + 2. Let y(i) = 5*i - 1. Let q(g) = -4*m(g) - 11*y(g). Let z = 516 + -523. Let h be 1 + -5 - (z + (6 - 9)). What is q(h)?
9
Let q(x) = 2*x**2 - 3*x**2 - 5*x + 1 - 2. Suppose 11*b = -4*y + 113, -4*y + 0*b + 4*b = 52. Determine q(y).
5
Let o(d) = -83*d**3 + d**2 + 2*d + 1. Let k be o(-1). Let l = k - 80. Let f(m) = m**3 - 2*m**2 - 4*m - 1. Determine f(l).
-4
Let h(d) = -5*d**3 + 4*d**2 - 3*d + 3. Let k(y) = 4*y**3 - 3*y**2 + 2*y - 2. Suppose 4*f - 2*i = 6, 5*f - 6 = 6*f - 2*i. Let g(l) = f*k(l) + 3*h(l). Give g(0).
1
Let k(z) = -19*z + 14. Let l be k(0). Let y(q) = q**2 - 18*q + 38. Give y(l).
-18
Let b(w) = 35*w + 49. Let j be b(8). Let k be 7/6 - (8 + j/(-42)). Let u(i) = 5*i - 1. Calculate u(k).
4
Let h be 148*(-2)/(-8)*1. Let f(v) = -40 - v**2 - v + 10*v - h + 78. Give f(4).
21
Let z be ((2 - 2)/(4 + -6))/1. Suppose z = 2*c + 2*o + 8, 0 = 3*c + 4*o + 6 + 11. Let j be 10/2 - (0 - -2) - c. Let v(w) = -5*w + 3. What is v(j)?
-7
Let r(g) = 2*g**3 - 119*g - g**3 - 2*g**3 + 118*g. Let i(b) = 1 - 2 + 1 - b + 1. Let h be i(1). Calculate r(h).
0
Let k(g) = 21*g**3 + 2*g**2 + g. Let y(w) = -107*w**3 - 16*w**2 - 8*w - 11. Let m(r) = 5*k(r) + y(r). Determine m(-3).
-2
Let o(r) = 732 + 733 - 25*r**3 + 725 + 2*r**2 + r - 2190. Suppose 2*l = 3*w + 7, 2*w - 11 = 5*l + 4*w. What is o(l)?
26
Let i(u) = 194*u**2 + 203*u**2 + 204*u**2 - 11*u - 808*u**2 + 206*u**2 + 9. Determine i(-11).
9
Let r(y) = -6*y + 11. Let o be r(-4). Suppose -6 = o*m - 37*m. Let j(a) = 11*a + 23. Let f(t) = -4*t - 8. Let u(b) = m*j(b) + 8*f(b). Determine u(5).
10
Let d(c) = 0*c**2 - 7*c**2 + c**2 - 4*c**2 - 11 - 7*c + 11*c**2. Determine d(8).
-3
Suppose -99 = -10*s + 61. Suppose 6*n - s*n = -60. Let r(u) = -u + 3. Give r(n).
-3
Let q(l) = 5 + 2*l**2 - l**2 + 38*l + 35*l - 70*l. Suppose -137*p - 30 = -131*p. What is q(p)?
15
Suppose 0 = 2*i + 4*y + 28, -75*i + 76*i - y = -2. Let v(d) = d**3 + 6*d**2 - 2*d - 6. What is v(i)?
6
Let z(o) = o**3 + o. Let h(l) = -4*l**3 + 10*l**2 - 11*l - 6. Let w(t) = -h(t) - 3*z(t). Let v(i) = -64*i + 137. Let g be v(2). Calculate w(g).
-3
Let m(j) be the third derivative of -j**6/120 - j**5/60 - j**4/6 - 14*j**3/3 + 1250*j**2. Determine m(-3).
2
Let g(y) = 7*y - 5. Let b(k) = -k**2 - 24*k + 31. Let z be b(-25). Suppose 0*r = -r + z*r. Let d be g(r). Let q(c) = 2*c + 2. Calculate q(d).
-8
Let f be -18*(-2)/(-4) - 24/(-4). Let k(h) = 1 - 1 + 3*h. Give k(f).
-9
Let r(t) = -555 - 496*t**2 + 555 + 241*t**2 + 240*t**2 - 105*t. What is r(-7)?
0
Let z(i) = 14*i + 7*i - 24*i - 87*i**3 + 4*i + 2*i**2. What is z(-1)?
88
Let x(v) be the third derivative of -v**4/3 - 29*v**3/2 - 53*v**2 + 2. What is x(-12)?
9
Let p(j) be the second derivative of -3*j**5/20 + j**4/4 - j**3/3 + 9*j**2/2 + 4267*j. Calculate p(2).
-7
Let q = 847 + -595. Let t be 1/10 + q/(-120). Let n(m) be the second derivative of m**4/12 + m**3/6 + m**2 + 2*m. What is n(t)?
4
Let i(r) = r**3 - 7*r**3 + 7*r**3 - 7568*r + 7573*r + 6 + 4*r**2. Determine i(-4).
-14
Let j(c) = -c**3 - 3*c**2 + c - 3. Let t = 250 + -224. Let a be t/(-143) - -42*(-1)/11. Determine j(a).
9
Let z(s) = -s**3 - 3*s**2 + 11*s + 20. Suppose 2*x - 2*a + 20 = 0, -5*x - 111 = -3*a - 69. Calculate z(x).
62
Let y(g) = 3*g**3 + 22*g**2 + 4*g - 9. Let z be y(-7). Suppose 2*a = -2*d - 4 - 0, 4*d + z = 0. Let b(m) = 28*m**3 + m**2. Calculate b(a).
29
Suppose -55*j - 389 + 4 = 0. Let i(s) = -7*s + 0*s - s**2 + 4 - 1. Determine i(j).
3
Let i(k) = 23*k**2 + 7*k - 18. Let o(b) = -20*b**2 - 10*b + 19. Let z(t) = -6*i(t) - 7*o(t). Give z(-15).
5
Let k(g) be the second derivative of -g**4/12 - g**3/3 - g**2 - 12*g. Suppose -5*v + 1769 = 1779. Calcu